6. List the prime factors of s(b).
503
Let l(g) = -g**3 - 5*g**2 + 7*g + 10. Let j be l(-6). List the prime factors of 3 - (3 - (j - (-803 - 5))).
2, 7, 29
Let d(b) = -2*b**3 + 62*b**2 - 42*b + 66. What are the prime factors of d(30)?
2, 3, 101
Suppose -71*z - 104*z = 69*z - 99064. What are the prime factors of z?
2, 7, 29
Let d = 1412 + 281. What are the prime factors of d?
1693
Let i be (-12*1)/((25/(-5))/5). Let u = i + -13. Let a(l) = -32*l - 1. What are the prime factors of a(u)?
31
Suppose -2*m + 3611 = a - 13226, 0 = 4*m - 3*a - 33679. List the prime factors of m.
8419
Let o(v) be the second derivative of 305*v**3/6 - 271*v**2/2 + 24*v. List the prime factors of o(6).
1559
Let q(c) = 197*c - 14. Let v be q(2). Suppose 0 = u + 4*t - v + 50, 5*u - 4*t - 1770 = 0. What are the prime factors of u?
2, 5, 7
Let g(p) = 8*p**2 + 6*p + 82. Let f be g(12). Let z = f + -929. List the prime factors of z.
13, 29
Suppose -135484 = -10*f + 11*f - 3*f. What are the prime factors of f?
2, 33871
Let g be 0 + (7 + -11)*(-2)/4. Suppose 4*w = 4*y + 532, -g*w = -5*w + 2*y + 400. List the prime factors of w.
2, 67
Let u = -34362 + 49113. List the prime factors of u.
3, 11, 149
Let l(p) = p**2 + 3*p + 6. Let b be l(-3). List the prime factors of (-9)/12 + ((-1686)/(-8) - b).
2, 3, 17
Suppose -81405 = -15*m + 22650. What are the prime factors of m?
7, 991
Let v = 17037 + 9018. List the prime factors of v.
3, 5, 193
Suppose 2*b - 45912 = -20*b - 2*b. List the prime factors of b.
1913
Let f = 4846 + -4854. Suppose -4*p + 8 = 2*g, 0 = -3*g + 2*g - p + 1. What are the prime factors of g/(-4) + 4*(-275)/f?
2, 3, 23
List the prime factors of (-36 + -49)*751/(-1).
5, 17, 751
Suppose 4*y + 7*x = 4*x - 1839, -y + 4*x = 455. Let n = -111 - y. What are the prime factors of n?
2, 3, 29
Let c be (-99)/3 - (10 - 3). Let g(n) = n**2 + 12*n + 59. List the prime factors of g(c).
3, 131
Suppose -4*l = 3*h - 13 + 81, 27 = -h + 3*l. Let d(y) = -y**3 - 24*y**2 - 13*y + 3. What are the prime factors of d(h)?
3, 5, 7
Let x be 7*-7 + (6 - 9). Let f be 424/x - 10/(-65). List the prime factors of (f/12)/(6/(-279)).
31
Suppose 2*k + 6620 + 2465 = i, 9043 = i + 5*k. List the prime factors of i.
43, 211
Let v(f) = -1758*f - 1262. List the prime factors of v(-19).
2, 5, 1607
Let z be (28/8 + -2)/((-2)/(-4)). Suppose -z*r + 657 - 213 = 0. Let a = 270 - r. What are the prime factors of a?
2, 61
Let q = 201 + -208. What are the prime factors of (q - 46/(-6)) + 1166/6?
3, 5, 13
Let l = 4047 + -1944. What are the prime factors of l?
3, 701
Let i = 54996 + -26093. List the prime factors of i.
7, 4129
Let t = 146 + -240. Let z = t - -96. Let w(v) = 60*v**2 + v - 2. List the prime factors of w(z).
2, 3, 5
Let f be 76 - -1 - (-3)/1. Let t(m) = -f - m - 4*m + 64. What are the prime factors of t(-10)?
2, 17
Let n(l) = 3*l + 18. Suppose 36 = 2*h + 3*i, -2*h = h + 5*i - 53. Suppose -2*u + h = 3*m, 0 = 2*m - 7*m + 3*u + 35. List the prime factors of n(m).
3, 13
Let t be (-33)/(-22)*(-2404)/6. Let c = 860 + t. What are the prime factors of c?
7, 37
Let l(p) = -85*p**3 + p**2 - 6*p + 8. What are the prime factors of l(-5)?
2, 167
Let f(u) = 2450*u**2 - 294*u + 1158. What are the prime factors of f(4)?
2, 11, 13, 137
Let d = 16433 - 9319. List the prime factors of d.
2, 3557
Let y(g) be the third derivative of -11*g**7/1680 + g**6/15 + 17*g**5/60 - 18*g**2. Let b(h) be the third derivative of y(h). List the prime factors of b(-5).
3, 71
Let a = 955 + -615. Let i = a - -463. What are the prime factors of i?
11, 73
Suppose -22*z - 2530440 = -74*z - 68*z. What are the prime factors of z?
3, 11, 71
Let l = -11 + 20. Let j(f) = 50*f - 58. What are the prime factors of j(l)?
2, 7
Let w = 6266 + -4731. What are the prime factors of w?
5, 307
Let b(t) = -2*t**3 + t**2 + 2*t + 4. Let s = 25 + -25. Suppose s = 4*w - 5 + 17. What are the prime factors of b(w)?
61
Suppose 0 = -5*j - 5*m + 7050, 3954 = 3*j - 4*m - 304. List the prime factors of j.
2, 7, 101
Let n(d) = -d**2 + 3*d - 4. Let v be n(0). What are the prime factors of (-4 + 5)/((-1)/v)*90?
2, 3, 5
Let x(s) = 473*s**2 + 169*s + 1042. List the prime factors of x(-6).
2, 13, 41
Suppose -p + 1166 = -3*p + g, -4 = -2*g. Let x = p + 1741. What are the prime factors of x?
19, 61
Let m = -39 - -1738. Suppose -m = -4*r + 2*u + 1005, 5*u - 2732 = -4*r. What are the prime factors of r?
2, 3, 113
Let d = -24 + 44. Suppose 36*a + 1279 = 2323. Let y = d + a. What are the prime factors of y?
7
Suppose -142*q = -0*q - 1362348. List the prime factors of q.
2, 3, 13, 41
Let y = 1563 + -38. Let v = y - 1014. List the prime factors of v.
7, 73
Let k(i) = -i**3 + 4*i**2 + 5*i - 1. Let w(o) = -o**3 - 15*o**2 + 15*o - 12. Let y be w(-16). Let l be k(y). Let d = 33 - l. What are the prime factors of d?
2, 7
Let z(u) = -u**3 - 7*u**2 + 3*u + 13. Let p be z(-8). Let b = -44 + p. Suppose -6*s = -b*s + 285. List the prime factors of s.
5, 19
Let g(q) = 299*q**2 + 841*q**2 + 1 + 530*q**2. Let n be g(1). What are the prime factors of 7/(-28) - n/(-12)?
139
Suppose 2*l + 3*r = 0, -5*r + 6*r = 0. Suppose l = 3*s - 396 - 141. List the prime factors of s.
179
Let f = 175 - 25. Suppose 0 = -s + 2*s - f. Suppose 3*j + 4*x = -0*j + s, 0 = -5*j + 4*x + 218. What are the prime factors of j?
2, 23
Let t(s) = -276*s - 371. Suppose 16 = -4*h + 2*m, -2*m = -0*h - 3*h - 10. List the prime factors of t(h).
5, 257
Suppose q = -o + 9, -3*q + 7*o + 27 = 2*o. Let x be (q/4)/((-30)/(-80)). Suppose 3*l + 3 = 0, u + l = x*u - 11. What are the prime factors of u?
2
Let w(u) be the third derivative of -u**5/60 + u**4/4 + 5*u**3/3 - 10*u**2. Let y be w(5). Suppose y*l - 21*l = -108. List the prime factors of l.
2, 3
Let k be 83 + (1 - (-12)/(-4)) + 0. Let j = k + 191. Suppose 0 = 5*t - 2*p - j, t - 58 = p - 6. What are the prime factors of t?
2, 7
Let i(r) = -6*r**2 + 3*r + 6. Let m(j) = -7*j**2 + 4*j + 7. Let a(h) = -5*i(h) + 4*m(h). List the prime factors of a(13).
349
What are the prime factors of 2*(((-317755)/(-42) - -1) + 2/(-21))?
37, 409
Let y(h) = 2*h**3 - 5*h**2 + 67*h - 73. What are the prime factors of y(13)?
3, 7, 23
Let k = -46 - -43. Let s be ((-4)/6)/((-2)/(-3))*k. Suppose -3*x + 2*x - 2 = 0, -414 = -4*z + s*x. List the prime factors of z.
2, 3, 17
Let c = -18 + 22. Suppose -3*y = -12, c*p - 552 = -0*p - 4*y. Let q = p + -70. List the prime factors of q.
2
Suppose 2*f - 6 = 3*j + 25, -15 = -3*f. Let k = 287 - 206. Let x = k + j. List the prime factors of x.
2, 37
Let m(o) = o**3 + 8*o**2 - 5*o + 8. Suppose 0*w = 2*c + w - 12, -5*w - 10 = 0. Suppose -c*t = 78 - 22. List the prime factors of m(t).
2, 3
Let t(s) = 5036*s + 3134. What are the prime factors of t(5)?
2, 3, 11, 13
Let a(k) be the first derivative of 22*k**3/3 + 3*k**2/2 - 4*k + 69. Let b(g) = -g - 3. Let f be b(-6). List the prime factors of a(f).
7, 29
Suppose -4*l = l, -3*k - l + 90 = 0. Suppose -6*h + 54 = k. Suppose 0 = -h*n - 2*a + 638, 3*n + 6 - 472 = -4*a. What are the prime factors of n?
2, 3
Let t(s) be the second derivative of 169*s**3/6 - 40*s**2 + 2*s + 88. What are the prime factors of t(7)?
1103
Suppose 0 = 4*m + 4*x - 476, -5*m + 6*x + 575 = x. What are the prime factors of (-18)/5*(-390)/m?
2, 3
Suppose 6*d + 149750 = 48*d - 330394. List the prime factors of d.
2, 1429
Let w(t) = -189 - 3*t - t + 133. Let f be w(-14). Suppose -3*m = -f*m - 276. List the prime factors of m.
2, 23
Suppose -4*m + 3*t = -7111, 4*m - 8894 = -m + 2*t. Suppose 15*z - 10165 = -m. What are the prime factors of z?
13, 43
List the prime factors of (-181 - -71)*230/(-4)*1.
5, 11, 23
Let b(t) = -975*t + 487. What are the prime factors of b(-5)?
2, 7, 383
Suppose -13*f - 2844 - 21856 = 0. Let c = f + 2703. List the prime factors of c.
11, 73
Let r be (58/(-4) - -14) + (-10)/(-4). Suppose r*b - g - 211 - 2496 = 0, -2*b - 5*g = -2725. What are the prime factors of b?
5, 271
Suppose -36*g = -17918 - 1450. Suppose 0 = -x + 5*o + g, -x + 3*x = -2*o + 1088. What are the prime factors of x?
3, 181
Suppose 33*m + 21*m = 108. List the prime factors of (m + (-113)/(-2))*30 + 5.
2, 5, 11
Let i be (-5 - 29)/((-4)/2). Suppose -i*j = -11*j + 1614. Let n = j + 464. What are the prime factors of n?
3, 5, 13
Suppose 8*u - 5*u + 5*s - 35 = 0, 3*u - s - 11 = 0. Supp